300081792 is divided by 157.
156
What is the remainder when 5212895 is divided by 61?
18
What is the remainder when 89382513 is divided by 85?
83
What is the remainder when 25394 is divided by 50?
44
What is the remainder when 125777 is divided by 2130?
107
What is the remainder when 716667316 is divided by 10?
6
What is the remainder when 22295808 is divided by 77?
73
Calculate the remainder when 23355 is divided by 19454.
3901
What is the remainder when 167277146 is divided by 2781?
2777
What is the remainder when 103711 is divided by 1595?
36
What is the remainder when 2528866 is divided by 9153?
2638
Calculate the remainder when 18784969 is divided by 71973.
16
Calculate the remainder when 473972 is divided by 18947.
297
What is the remainder when 207447 is divided by 128?
87
What is the remainder when 52836861 is divided by 32?
29
What is the remainder when 84916 is divided by 84684?
232
Calculate the remainder when 7577630 is divided by 229.
20
What is the remainder when 559100 is divided by 31038?
416
Calculate the remainder when 18405584 is divided by 209.
208
Calculate the remainder when 1053652 is divided by 14840.
12
Calculate the remainder when 680937 is divided by 622.
469
Calculate the remainder when 17996117 is divided by 27.
23
Calculate the remainder when 4932365 is divided by 170.
155
What is the remainder when 585616626 is divided by 1789?
1788
What is the remainder when 1770953 is divided by 79?
10
What is the remainder when 77677 is divided by 10969?
894
Calculate the remainder when 2717509 is divided by 3576.
3325
Calculate the remainder when 441748103 is divided by 708.
707
Calculate the remainder when 23655 is divided by 2000.
1655
What is the remainder when 261644 is divided by 2759?
2298
What is the remainder when 6760999 is divided by 1023?
1015
What is the remainder when 10560400 is divided by 264007?
120
What is the remainder when 1675356 is divided by 441?
438
Calculate the remainder when 13905242 is divided by 33.
32
Calculate the remainder when 875804 is divided by 952.
916
What is the remainder when 17961744 is divided by 5826?
186
Calculate the remainder when 633092 is divided by 36.
32
Calculate the remainder when 305262 is divided by 2035.
12
Calculate the remainder when 18215 is divided by 17788.
427
Calculate the remainder when 1688417 is divided by 9.
8
Calculate the remainder when 488486 is divided by 854.
852
What is the remainder when 796133 is divided by 779?
774
Calculate the remainder when 103294029 is divided by 70.
69
What is the remainder when 6805783 is divided by 6966?
1
What is the remainder when 251793 is divided by 246?
135
Calculate the remainder when 453927 is divided by 2855.
2837
Calculate the remainder when 27570152 is divided by 462.
302
Calculate the remainder when 14940621 is divided by 4980136.
213
What is the remainder when 122495 is divided by 2859?
2417
What is the remainder when 208727 is divided by 261?
188
What is the remainder when 7358095 is divided by 2452689?
28
What is the remainder when 3018633 is divided by 190?
103
Calculate the remainder when 303971 is divided by 902.
899
Calculate the remainder when 1194933 is divided by 198.
3
What is the remainder when 4814380 is divided by 601791?
52
Calculate the remainder when 960637 is divided by 1537.
12
What is the remainder when 32155731 is divided by 5359286?
15
What is the remainder when 4910409 is divided by 16422?
231
What is the remainder when 15326332 is divided by 128792?
84
Calculate the remainder when 51097 is divided by 11441.
5333
Calculate the remainder when 1625719 is divided by 102.
43
What is the remainder when 356205 is divided by 611?
603
What is the remainder when 304737374 is divided by 282?
278
Calculate the remainder when 9943096 is divided by 845.
826
Calculate the remainder when 14595 is divided by 2472.
2235
What is the remainder when 423172 is divided by 211573?
26
Calculate the remainder when 336864 is divided by 25911.
21
What is the remainder when 26514670 is divided by 44?
6
Calculate the remainder when 35708383 is divided by 509.
506
What is the remainder when 2505186 is divided by 108918?
72
What is the remainder when 4661 is divided by 802?
651
What is the remainder when 212695286 is divided by 5026?
5018
Calculate the remainder when 135621723 is divided by 109.
108
Calculate the remainder when 152591481 is divided by 852.
837
What is the remainder when 1285486 is divided by 356?
326
Calculate the remainder when 176061 is divided by 3515.
311
What is the remainder when 61075 is divided by 545?
35
Calculate the remainder when 1735740 is divided by 66758.
32
What is the remainder when 1622420 is divided by 1619784?
2636
Calculate the remainder when 55094 is divided by 4948.
666
What is the remainder when 471432 is divided by 469276?
2156
What is the remainder when 364294 is divided by 105?
49
Calculate the remainder when 99109 is divided by 504.
325
What is the remainder when 7001636 is divided by 540?
536
What is the remainder when 4656580 is divided by 118?
64
Calculate the remainder when 22148 is divided by 2332.
1160
What is the remainder when 1051958 is divided by 952?
950
What is the remainder when 549296238 is divided by 265?
263
Calculate the remainder when 333705 is divided by 13886.
441
What is the remainder when 578221 is divided by 115535?
546
Calculate the remainder when 40191 is divided by 69.
33
What is the remainder when 870054 is divided by 277?
274
What is the remainder when 151027 is divided by 5810?
5777
What is the remainder when 70107 is divided by 2639?
1493
What is the remainder when 7895173 is divided by 2184?
13
What is the remainder when 129973 is divided by 42690?
1903
What is the remainder when 1067542 is divided by 152506?
0
What is the remainder when 1338258 is divided by 669128?
2
What is the remainder when 2691659 is divided by 1874?
595
Calculate the remainder when 1312109 is divided by 4219.
0
What is the remainder when 4880303 is divided by 1710?
1673
What is the remainder when 80318 is divided by 171?
119
Calculate the remainder when 4818122 is divided by 98329.
1
What is the remainder when 31615949 is divided by 205?
29
What is the remainder when 5757063 is divided by 869?
807
What is the remainder when 904934 is divided by 2085?
44
Calculate the remainder when 470060 is divided by 234776.
508
Calculate the remainder when 74843 is divided by 57.
2
Calculate the remainder when 800127 is divided by 131.
110
What is the remainder when 44848 is divided by 7462?
76
Calculate the remainder when 20791 is divided by 10148.
495
Calculate the remainder when 19031 is divided by 3788.
91
Calculate the remainder when 59629414 is divided by 1848.
1846
Calculate the remainder when 32960499 is divided by 203.
201
Calculate the remainder when 122895 is divided by 812.
283
Calculate the remainder when 6587885 is divided by 4120.
5
Calculate the remainder when 1879561 is divided by 16.
9
What is the remainder when 7325874 is divided by 25349?
13
Calculate the remainder when 491801031 is divided by 2398.
7
Calculate the remainder when 3886736 is divided by 3841.
3485
What is the remainder when 43200535 is divided by 144?
103
What is the remainder when 1536295 is divided by 135?
130
Calculate the remainder when 409844 is divided by 2650.
1744
Calculate the remainder when 2185809 is divided by 115.
4
Calculate the remainder when 2144265 is divided by 4.
1
Calculate the remainder when 1249001 is divided by 416054.
839
What is the remainder when 397210 is divided by 1315?
80
Calculate the remainder when 1257745 is divided by 434.
13
Calculate the remainder when 74407 is divided by 151.
115
Calculate the remainder when 3421441 is divided by 244384.
65
What is the remainder when 931213 is divided by 465599?
15
Calculate the remainder when 54242263 is divided by 147.
145
What is the remainder when 367143 is divided by 870?
3
Calculate the remainder when 347100 is divided by 2733.
9
Calculate the remainder when 18804443 is divided by 470111.
3
What is the remainder when 14386596 is divided by 69?
27
Calculate the remainder when 146683 is divided by 3732.
1135
Calculate the remainder when 2056985 is divided by 563.
346
Calculate the remainder when 115627 is divided by 115015.
612
W